)/8 - 2/g. Let t(i) = -i + 4. List the prime factors of t(b).
7
Let k(l) = l + 58. List the prime factors of k(-9).
7
Let l(u) = -u**3 - 13*u**2 - 11*u - 15. Let q be l(-12). Let f = 42 + q. List the prime factors of f.
3, 5
Suppose 289 = 5*r + 19. Let x be (-4)/10 - r/(-10). Suppose -154 = -x*y - 54. What are the prime factors of y?
2, 5
Suppose -5*s = 3 + 17. Let x = 24 + s. List the prime factors of x.
2, 5
List the prime factors of ((-6)/(-3) + 3)*4.
2, 5
Let q(b) = -b**2 + 6*b - 4. Let k be q(4). Let g(m) be the third derivative of -m**4/24 + 7*m**3/6 - 5*m**2. List the prime factors of g(k).
3
Let r(v) = 2*v**2 + 3*v + 2. Suppose 4*b = 11 + 1. List the prime factors of r(b).
29
Let g = 220 + -127. List the prime factors of g.
3, 31
Suppose -2*c + 3*p = -0*p - 20, -c = 5*p + 3. Let h be (-6)/4 + 1/2. Let y = h + c. What are the prime factors of y?
2, 3
Suppose 2*b + t = 11, 3*b + 0*b + 4*t = 29. Suppose 0 = -0*f - b*f. Suppose f = -3*i + 6*i - 33. List the prime factors of i.
11
Suppose -3*m + 31 = -17. List the prime factors of m.
2
Let y(f) = 4*f**2 - 6*f - 10. What are the prime factors of y(-6)?
2, 5, 17
Suppose h = -5, -3*o - h - 1 = h. Suppose 0 = 5*z - 2*r - 30, -2*z + 0*z - r = -o. List the prime factors of (-3 + z)/(1/4).
2
Suppose -4*d - 2*u + 2 = -18, 6 = -3*u. Suppose 0 = g - d + 3. Suppose -2*i - 7*r = -3*r - 14, -g*i + 7 = -r. What are the prime factors of i?
3
Let k = -32 + 48. Let l = k + -7. List the prime factors of l.
3
Let k(x) = -8*x - 3. List the prime factors of k(-7).
53
Let b = -34 + 91. List the prime factors of b.
3, 19
Suppose -17*s + 15*s + 260 = 0. What are the prime factors of s?
2, 5, 13
Let u = 130 + -78. What are the prime factors of u?
2, 13
Let n(z) = 5*z + 5. List the prime factors of n(15).
2, 5
Let o(n) = -7*n - 14. List the prime factors of o(-7).
5, 7
Suppose 2*u + 2*s = 42, 2*s - 4 = -u + 20. Suppose -3*q + q + u = 0. List the prime factors of q.
3
Suppose -4*m - 33 = -3*a - 7*m, 2*m + 5 = a. Suppose -4*p - 10 = -a*p. What are the prime factors of p?
2
Suppose 3 - 8 = y, v - 5*y - 25 = 0. Suppose -2*f + 6*f - 104 = v. List the prime factors of f.
2, 13
Let d(j) = j - 6. Let p be d(3). What are the prime factors of ((p - -2) + 0)*-23?
23
Suppose -3*b - 2 = 3*a + b, 2*a - 3*b - 10 = 0. What are the prime factors of (-51)/(-2)*a/3?
17
Let o be (-7)/3 - (-14)/(-21). Let r = o - -7. List the prime factors of r.
2
Suppose -2*h + 6*h - 32 = 0. Let r(m) = m - 4. Let c be r(h). Suppose 8*x = c*x + 2*l + 42, -5*l + 3 = 2*x. What are the prime factors of x?
3
Suppose -4*c + 3*c + 41 = -2*r, 2*r = -3*c - 45. What are the prime factors of (-2)/14 - 360/r?
17
Let t(z) = -98*z + 3. List the prime factors of t(-1).
101
Suppose 11 = 4*f - 5. Let w = -4 - -2. Let a = f - w. List the prime factors of a.
2, 3
Suppose 72*r - 76*r + 1200 = 0. What are the prime factors of r?
2, 3, 5
Suppose 12 = q - 2*j - 3*j, -3*q = 3*j. Suppose -q*x - 84 = -6*x. List the prime factors of x.
3, 7
Suppose 3*o - 62 = 4*n, n + 113 = 5*o - 13. List the prime factors of o.
2, 13
Suppose 0 = -0*y + 5*y - 10. Suppose l - y = 2. Suppose -l*q + 28 = -5*j, -3*j + 6 = 3*q - 15. What are the prime factors of q?
7
Let m = 4 + 0. Let a(c) = -223*c - c**2 + 4 + 2*c**2 + 219*c. List the prime factors of a(m).
2
Let s(k) = 2*k**3 - 6*k**2 + 8*k - 2. What are the prime factors of s(3)?
2, 11
Let i(j) = j**2 + 2*j - 1. Let t(q) = -q - 18. Let w be t(-9). Let g be 33/(-9) - 6/w. What are the prime factors of i(g)?
2
Suppose 0*j = -3*j + 15. Let y = -1 + 10. Let x = y - j. What are the prime factors of x?
2
Suppose -3*l - 90 = -5*l. List the prime factors of l.
3, 5
Suppose -4*d + 14 = -2*d. Let l(s) = s**3 + 9*s**2 + 7*s - 11. Let m be l(-8). List the prime factors of d + (9/m - -6).
2, 5
Let w(a) = a**2 + 8*a - 4. Suppose -k - 21 = 2*s, 0*k + 15 = -s - 2*k. Let d be w(s). Suppose -d*n = -n - 52. List the prime factors of n.
13
Suppose 0 = -3*y + 5*x + 2 + 19, 4*y + 3*x = 28. Suppose -4*g + y + 5 = 0. What are the prime factors of g?
3
Let n = 156 + -108. List the prime factors of n.
2, 3
Let p = -11 - -16. Suppose -2*b + p*b - 144 = 0. List the prime factors of b.
2, 3
Let z(r) = -r**3 + 4*r**2 + 4*r + 3. Let s be z(5). Let n = -49 + 22. What are the prime factors of (4/6)/(s/n)?
3
Let o(u) = 4*u**3 - 7*u**2 - 9*u - 10. Let k(b) = -3*b**3 + 7*b**2 + 9*b + 10. Let m(r) = 3*k(r) + 2*o(r). List the prime factors of m(8).
2, 3
Let h(q) = q**3 + 10*q**2 + 5*q - 10. List the prime factors of h(-9).
2, 13
Suppose y = -y + 28. What are the prime factors of y?
2, 7
Let l(j) = -2*j**2 + j + 185. List the prime factors of l(0).
5, 37
Suppose 0 = -4*m - 2*o + 568, m - 170 = 5*o - 50. Suppose 3*q - 70 = -4*f + 46, m = 3*q - 2*f. What are the prime factors of q?
2, 11
Let p(q) = q + 6. Let u be p(0). Suppose 3*y - 6*y + 90 = 0. Suppose 4*c = u*c - y. List the prime factors of c.
3, 5
Suppose -3*j = j - 4. Let n be 51/(-6) - 2/4. Let g = j - n. What are the prime factors of g?
2, 5
Suppose -486 - 684 = -3*w. What are the prime factors of w?
2, 3, 5, 13
Let s = 5 + -1. Suppose -s*z + 170 = z. Let c = -21 + z. What are the prime factors of c?
13
Suppose -y + 3*c = -10, -2*c = -3*y + 2*c + 30. What are the prime factors of y?
2, 5
Suppose 3*a = 5*a - 10. What are the prime factors of a?
5
Suppose 0*m + 3*m = 0. Let j(s) = -s**3 + 2*s**2 + 2. Let q be j(2). Suppose m = r + q*r - 33. List the prime factors of r.
11
Let n be ((-20)/6)/(7 - 61/9). Let q be (-92)/(-3) + (-2)/(-6). Let z = q + n. List the prime factors of z.
2
Let i(v) = 3*v**2 + 3*v. Let x be i(-2). Let w(o) = 4*o - 3*o - 4*o + 4*o - x. List the prime factors of w(8).
2
What are the prime factors of (4/1)/(44/165)?
3, 5
Suppose s = 2*l - l + 16, 0 = -4*s - 5*l + 46. List the prime factors of s.
2, 7
Let d be ((-3)/(9/24))/1. Let p = d + 12. Suppose -p*s + 10 + 18 = 0. What are the prime factors of s?
7
What are the prime factors of 2 + (-3 - -4*2)*17?
3, 29
Suppose -3 = -g + r - 2, 3*r + 7 = 4*g. Suppose 7*a - 2*a = 0. Suppose a = -4*s + 8 + g. List the prime factors of s.
3
Suppose s + 3*s - 32 = 0. Suppose 3*a + s - 27 = -k, -3*a + 11 = -k. What are the prime factors of a?
5
Let i(n) = n**2 - n + 14. List the prime factors of i(-4).
2, 17
Let t(g) = 12*g - 15. What are the prime factors of t(9)?
3, 31
Suppose 12*s - 178 = 86. What are the prime factors of s?
2, 11
List the prime factors of (-5)/10*636/(-2).
3, 53
Let v(c) = -4*c - 2 - 1 - 3 + 5*c. Let a be v(6). Suppose -6 = -2*u, a*l + 5*l - 62 = u. List the prime factors of l.
13
Let r = 11 + 2. What are the prime factors of r?
13
Suppose 13 + 22 = w. Suppose w = -5*d - 5*b, 25 = -3*d - 2*b - 2*b. What are the prime factors of (d + -18)/(3/(-2))?
2, 7
Suppose -l = f + 65, 0*l = -2*f + 4*l - 100. Let h = f - -89. List the prime factors of h.
29
Let t = -14 - -22. Suppose 3*f = -t - 1, 2*f = -4*l + 106. What are the prime factors of l?
2, 7
Suppose -3*w = -4*w + 32. Suppose -4*j + 0*j + w = 0. List the prime factors of j.
2
Let d(h) = -h + 7. Let m be d(6). Let i be 2 + -1 + 2*m. What are the prime factors of (12 + i)*1/1?
3, 5
Let y(c) = -c**3 + 9*c**2 - 6*c - 1. List the prime factors of y(7).
5, 11
Suppose 2*d + d - t = 25, -3*d = 2*t - 22. Let i = 10 - d. What are the prime factors of i?
2
Suppose -4*y + 181 = -431. What are the prime factors of y?
3, 17
Let f(b) = 4*b + 5*b**2 - b**2 - 5 + 1 - 3*b**2. List the prime factors of f(-7).
17
What are the prime factors of (-10 + 7)/(6/(-64))?
2
List the prime factors of 6/(-2) + (-7)/(-7) + 5.
3
Let b(k) be the third derivative of 0*k - 1/6*k**4 + 1/20*k**5 + 0 + 1/2*k**3 + k**2. What are the prime factors of b(2)?
7
Let z(p) = p**2 + 11*p - 4. Let v be z(-10). Let l = 41 + v. List the prime factors of l.
3
Suppose x + 2*f = 6*f + 5, -x + 5 = 4*f. Suppose -x*y - 17 = 13. Let p = y + 23. What are the prime factors of p?
17
Suppose -p + 34 - 725 = -3*y, y + 5*p - 241 = 0. What are the prime factors of y?
3, 7, 11
What are the prime factors of (8/10)/(2/90)?
2, 3
Let q be 12/(-16)*(-16)/3. Let m(i) = i**3 + i**2 - 2*i + 6. Let g be m(4). Suppose 14 = -q*v + g. What are the prime factors of v?
2
Suppose -5*u + 7 = -13. Suppose 2*z - 2 = 4*a + a, u*z = 5*a + 24. List the prime factors of z.
11
Suppose -5*d +